))?
8
Suppose 26*p = 61497 + 25343. What is the units digit of p?
0
Let l(a) = -2*a**2 - 5*a + 3. Let z be l(-4). Let s be ((-6)/z)/((-1)/(-3)). Suppose -3*f - s*f = -30. What is the units digit of f?
6
Let q(j) = -10*j - 13. Let m be q(-6). Suppose 3*k = 5*b + m, 3*k - 3*b - 54 = -15. What is the units digit of 28/1 - k/3?
5
Let p = -47 + -24. Let y = 115 + p. What is the units digit of y?
4
Suppose 50 = 5*u - 2*c, 0 = 6*u - 7*u + 3*c + 10. Suppose 2*j - 2 = 0, -m + 6*m + 4*j = 29. Suppose -u - 35 = -m*n. What is the units digit of n?
9
Let x be 0 + -13 + -2 + 5 + -3. Let r(z) = -3*z - 26. What is the tens digit of r(x)?
1
Let l be (-3)/(-12) - (-36)/(-16). What is the tens digit of 40 - (1 + l) - 1?
4
Let y(k) = k**3 + 7*k**2 - 9*k + 6. What is the hundreds digit of y(6)?
4
Suppose -4*h = f + 8, 5*h + 3 + 7 = -5*f. What is the units digit of 36 + f + 0 + -1?
5
Let w be (-40)/(-2) - (13 - 11). Let j = w - -16. What is the units digit of (j/4)/(1/2)?
7
Let p = -109 - -182. Suppose -5*u + 27 = -p. What is the units digit of u?
0
Suppose 2*i + 14 = -12*i. What is the units digit of 0/(1/i - -3) - -9?
9
Let f be ((-3)/6)/(5/(-150)). Let x be (f/(-30))/((-1)/6). Suppose -x*v + 240 = 3*v. What is the tens digit of v?
4
Let c(k) be the first derivative of 1 + 1/3*k**3 + 1/2*k**2 - 1/4*k**4 - 2*k. What is the units digit of c(-2)?
8
Let t = 14700 + -7977. What is the units digit of t?
3
Suppose 2429*t - 2421*t - 15288 = 0. What is the thousands digit of t?
1
Let z = 128 - -77. What is the hundreds digit of z?
2
Suppose 0 = -2*v - 2 + 16. Suppose v*i - 139 = 6*i. What is the units digit of i?
9
Suppose 7*f = 4*f + 15. What is the tens digit of -4 + (f - 1) - (-2 - 57)?
5
Let k(l) = 0*l - 4 + 4 - l**2 + 2*l + 4. Let z be k(-2). Let a = 12 + z. What is the units digit of a?
8
Let s = -8748 - -14140. What is the tens digit of s?
9
Let k be ((-10)/6)/((-2)/(-6)). Let g be 3/(2 - k/(-4)). Suppose 0 = -a + 5*j + 6, a + a = -g*j + 68. What is the tens digit of a?
2
Suppose -36 = -38*m + 36*m + 2*a, 0 = -m - 2*a + 18. What is the tens digit of m?
1
Suppose 24 = a + 3*a - 4*i, -2*i - 8 = 2*a. Suppose -a = q - 6. Suppose -3*s - 39 = -2*c + 16, 3*c = q*s + 84. What is the units digit of c?
3
Suppose -2*h - 3*n - 28 = 0, 6*n = -3*h + n - 44. Let p(k) be the first derivative of -k**3/3 - 5*k**2 + 5*k - 100. What is the units digit of p(h)?
1
Let u(x) = -3*x**3 + 32*x**2 + 337*x + 2. What is the thousands digit of u(-10)?
2
Let y(q) = 2*q**3. Suppose 4*g + 0 = 4. Let n be y(g). Suppose -2*h = n*h - 72. What is the units digit of h?
8
Let x be (9/(-3))/3 + 3. Suppose -173 = -x*i - 43. What is the tens digit of i?
6
Suppose 16*t - 233 = 455. What is the tens digit of t?
4
Let x(l) be the first derivative of 2*l**3/3 - 5*l**2 + 12*l - 4. What is the units digit of x(6)?
4
Let t = 5 + -2. Suppose -t*r + 0*r + 2*b + 17 = 0, -6 = -2*r - 4*b. Suppose 2*w - w = -3*i + 25, -2*w + r*i = -61. What is the tens digit of w?
2
Let x = -15 - -8. Let o(t) = 3*t - 1. Let b(q) = -6*q + 3. Let j(g) = x*o(g) - 3*b(g). What is the tens digit of j(-4)?
1
Let t(w) be the first derivative of -9*w**2/2 - w - 1. Let m(p) = -p - 21. Let h be m(-19). What is the tens digit of t(h)?
1
Let z be (1 + 1 - -49)/(12/8). Suppose 5*n + g = 499, 3*n - 255 = 2*g + z. What is the units digit of n?
9
Suppose 2*r + 20 - 16 = 0, 0 = d - 3*r - 658. What is the units digit of d?
2
Let g = -175 - -298. What is the hundreds digit of g?
1
Suppose 387 = -7*g + 86. Let k = 112 + g. What is the units digit of k?
9
Suppose 0 = 11*h - 97 - 123. Let b be (0 + 0)/(-5 + 6). Suppose -5*m = -4*n + 29, b = -n + m - 4*m + h. What is the tens digit of n?
1
Suppose -4*w + 8 = -4. Let y(u) = u**3 + 5*u**2 + 3*u + 19. Let i be y(-5). Suppose -2*z = -f + 50, -z = w*f + i*z - 139. What is the units digit of f?
8
Let i = 1205 - 806. What is the hundreds digit of i?
3
Let l be (-2)/(-1) - (-8 + 7). Suppose 0 = 7*r - l*r + 72. What is the units digit of (-213)/r + (-2)/(-12)?
2
Suppose 4*c = m + 751, 4*c - 5*m = 3*c + 202. What is the hundreds digit of c?
1
Let d be ((-60)/(-25))/(6/(-40)). What is the units digit of ((-72)/d)/((-6)/(-40))?
0
Let d be -3 - 1156/(-28) - (-2)/(-7). Suppose 4*s - 16 = 0, -30 = -p - s + d. What is the units digit of p?
4
Let g = 8 + -4. Suppose 0 = 5*v - g*c - 22, -v + 3*v - 3*c = 13. Suppose 4*o + v*f - 31 = 3*f, 0 = -o + 4*f + 4. What is the units digit of o?
8
Let w(p) = p**2 + 10*p - 7. Let o be w(-10). Let y(c) = 7*c**2 + 31*c - 7. What is the units digit of y(o)?
9
Suppose 5*y = -5*w + 20, 4*y + 0 + 2 = 2*w. Suppose w*j - 240 = -j. What is the tens digit of j?
6
Let t(s) be the second derivative of -s**5/20 - 11*s**4/6 + 13*s**3/2 - 15*s**2 - 2*s + 3. What is the hundreds digit of t(-24)?
1
What is the tens digit of ((-43663)/(-329))/(1/7)?
2
Let m(j) = -10*j**3 - 3*j**2 - j - 2. Let p be 1/3 + -1 + (-20)/15. What is the tens digit of m(p)?
6
Let o = 139 + 320. What is the units digit of o?
9
Suppose -20 = -4*m - 4. Suppose b + m*b - 5 = 0. Let o = 0 + b. What is the units digit of o?
1
Let d = -44 - -44. Suppose -u - 2*y + 109 = -y, 3*u - 3*y - 327 = d. What is the units digit of u?
9
Suppose 0 = 76*p - 72*p + 3*i - 22889, 10 = -2*i. What is the thousands digit of p?
5
Let f = 53 - 43. Suppose f*q - 65 = 9*q. What is the tens digit of q?
6
Suppose -4*x - 16 = -5*z, 5*x + 1 = 3*z - 6. Suppose 89 = z*k - 5*i, k - 2*i - 20 = -3*i. Let t = k + 3. What is the tens digit of t?
2
Let c(p) = 4*p - 27. Let u(t) = t**2 - 4*t + 7. Let y be u(4). What is the units digit of c(y)?
1
Let a(w) be the second derivative of -w**3/2 - 7*w**2/2 - 7*w. Let u be a(-3). Suppose -u*v + 4*v = -2*z + 86, 20 = 4*v. What is the tens digit of z?
3
Let j = 11 + -8. Suppose -3*l = -2*i - j*i - 26, -9 = 3*l. Let f(d) = -d**3 - 6*d**2 + 8. What is the tens digit of f(i)?
5
Let o be (78/18)/(3/(-117)). Let q = -121 - o. What is the units digit of q?
8
Let m(a) = a. Let f(i) = i**2 - 16*i - 9. Let g(s) = f(s) + 5*m(s). What is the units digit of g(12)?
3
Let j = -33 - -274. What is the hundreds digit of j?
2
Let v(d) = 6*d - 3. Let m be v(3). Let g be -7 - (-5)/(-10)*-4. Let a = m + g. What is the units digit of a?
0
Let z(k) = 13*k**2 - 3*k - 3. Let g be z(-2). Let u = 105 - g. What is the tens digit of u?
5
Suppose 11*t - 404 = 1224. Suppose -6*x + 321 = 4*p - 3*x, -t = -2*p - 4*x. What is the tens digit of p?
8
Suppose -2 = -3*p + 16. Let u be (p/7)/(1/21). Let g = -9 + u. What is the units digit of g?
9
Let q(m) = -m**2 - 7*m - 4. Let z be q(-6). Suppose -1 + 55 = z*a. Suppose u - a = -13. What is the tens digit of u?
1
Let v(r) be the first derivative of -7/2*r**2 + 1/3*r**3 - 8 + 8*r. What is the units digit of v(9)?
6
Let o be (-36)/(-17) - (-22)/(-187). Suppose -255 = -2*m - b - 79, 0 = m + o*b - 91. What is the units digit of m?
7
Suppose -6*b = 2*b - 4736. What is the tens digit of b?
9
Suppose -5*g + k + 15 = 0, -3*g - g = 5*k + 17. Suppose -g*w = w. Suppose 0*m - m + 4*u = -26, -4*u - 4 = w. What is the tens digit of m?
2
Suppose 9*s - 375 = -6*s. Suppose -5*w = -s - 75. What is the units digit of w?
0
Let n(u) = -u + 5. Let q be n(2). Suppose -4*z + q*k + 0*k + 125 = 0, 4*k - 17 = -z. What is the tens digit of z?
2
Let l = 4092 - 1766. What is the hundreds digit of l?
3
Let t(q) = -q - 1. Let y(m) = m**2 + 36*m - 56. Let r(a) = -3*t(a) - y(a). What is the units digit of r(-24)?
5
Let c(k) = 256*k**3 + 3*k**2 - 6*k - 6. What is the units digit of c(2)?
2
Let p(t) = 2*t**2 - 25*t - 147. What is the units digit of p(-12)?
1
Let d(x) = x**3 + 7*x**2. Let w be d(-7). Suppose 2*t + 3*u + 80 = w, 0 = t + 2*u + 2*u + 50. Let r = t - -57. What is the tens digit of r?
2
Let t = -13 + -4. Let s = t - -26. Let x = s - 7. What is the units digit of x?
2
Let s(j) = -130*j + 248. What is the tens digit of s(-34)?
6
Let o = -60 - -62. Suppose o*c = -0*c, 124 = b + 3*c. What is the units digit of b?
4
Let l be 7 + -6 - 2*-25. Suppose 47*q = l*q - 216. What is the tens digit of q?
5
Suppose 2439 = 5*z - 4*h, 3*z - 3*h - 807 = 657. Suppose -152 = 5*y - z. What is the tens digit of y?
6
Suppose 2*g - 136 = -b, 3*b + g = -4*g + 404. Let z = -19 - -19. Suppose -o + 4*r + 52 = z, o + 4*r - b = -3*o. What is the tens digit of o?
3
Let q(